er when 242 is divided by n(16)?
76
Let s(l) = l**3 - 6*l**2 + 4*l - 6. Let c = 20 - 21. Let b(z) = -z. Let x(d) = c*s(d) - 3*b(d). What is the remainder when x(5) is divided by 15?
11
Suppose 0 = -3*i + 67 + 53. Let o = -2466 + 2481. What is the remainder when i is divided by o?
10
What is the remainder when (6*(-745)/(-30))/(2/12) is divided by 16?
14
Suppose 6*p = p - 35. Let w = 20 + p. Suppose -2*l + 144 = 2*l. Calculate the remainder when l is divided by w.
10
Let q(i) = 4*i**2 - 3*i + 2. Let l be q(1). Suppose -3 = 2*y + l. Let p(h) = 2*h**2 - 4*h - 6. Calculate the remainder when 70 is divided by p(y).
22
Suppose 4*w = -4*p + 36, -4*w + 4*p = -p - 45. Let h(f) be the second derivative of 7*f**3/6 - 15*f**2/2 + f. What is the remainder when h(w) is divided by 14?
13
Suppose -5*d + 11 = -34. What is the remainder when 1404/1170*1*(-55)/(-2) is divided by d?
6
Let b(o) = -o. Let u be b(-4). Suppose 2*w - 5*p = -30, 11 = w - u*w - p. Calculate the remainder when 34 is divided by (6/10 + -3)*w.
10
Let h(s) = s**2 + 6*s + 10. Let a be h(-4). Suppose -2*r + 1 + 11 = 0. What is the remainder when r/(1/(2/a)) is divided by 5?
1
Let m(w) = 6*w**2 - 4*w + 14. Let q be m(4). Let p = -55 + q. Calculate the remainder when p - 0 - (-12)/(-4) is divided by 19.
17
Suppose 7*v = 2*v + 3*l + 795, -5*v = 4*l - 795. Calculate the remainder when 306 is divided by v.
147
Let n = -51 + 54. Suppose n*f + 5*g - 71 = 0, 5*f = -0*f - 4*g + 101. Calculate the remainder when 4/(-2) - 52/(-1) is divided by f.
16
Let s(a) = 6*a + 191. Calculate the remainder when 250 is divided by s(-28).
20
Suppose -j = 2*j - 4*u - 17, -5*u - 2 = -j. Suppose 4*y - 53 - j = 0. What is the remainder when 28 is divided by y?
13
Let j(z) = z + 13. Suppose -204 = -27*c + 10*c. Calculate the remainder when c is divided by j(-9).
0
What is the remainder when (-15 - -34) + -2 + 3 is divided by 16?
4
Let j be 6*2/(-3) + 7. Suppose -23 = -j*y - 3*m - 8, -2*y = 5*m - 4. Calculate the remainder when 12 is divided by y.
5
Let v be 1/2 - 6/(-12). Let z = v - 0. Suppose -3*f + 3 + 6 = 0. Calculate the remainder when f is divided by z.
0
Suppose -s + 195 = 4*s - x, -2*x + 142 = 4*s. Let c = -27 + s. What is the remainder when c is divided by 7?
4
Let u(l) = -l**3 - 2*l**2 + 2*l - 4. Let n(b) = -4*b**2 + 3*b + 4. Let g be n(3). Let h = g - -19. What is the remainder when 79 is divided by u(h)?
19
Let o be 69/(-12) - (-9)/12. Let i = o - -9. Suppose i*w + 24 = 6*w. What is the remainder when 33 is divided by w?
9
Suppose 2 = -d + 4. Let m(l) = l**3 - 2*l**2 - 2*l - 3. Let j be m(3). Suppose 4*a - a - 12 = j. What is the remainder when a is divided by d?
0
Let r be -3*1*3/(-3). What is the remainder when (146/r)/(4/6) is divided by 799/34 + 3/2?
23
Let r = 113 + -68. Let b(z) = z**3 - 9*z + 4. Let i be b(4). Let k = r - i. Calculate the remainder when 24 is divided by k.
11
Let a be (-4)/(-10) - 1790/(-25). Suppose -2*x + a = 2*x. What is the remainder when x is divided by 290/42 + (-26)/(-273)?
4
Suppose 7*d = 49 + 133. Calculate the remainder when d is divided by 15.
11
Let q = -67 - -119. Let z = 118 - q. Calculate the remainder when z is divided by 17.
15
Suppose -a + 14 = 9. Let k(b) = 8*b + 1. Let c be k(6). Suppose 0 = -a*u + 76 + c. Calculate the remainder when u is divided by 9.
7
Suppose 0 = 19*t + 6*t - 800. What is the remainder when 121 is divided by t?
25
Let m(t) = -3*t + 52. Let g be m(16). Suppose g*y + 92 = 4*w - 0*y, -4*w = -2*y - 86. What is the remainder when 49 is divided by w?
9
Let z = -2283 + 2298. Let i be ((-6)/4 - -1)*-6. Suppose -i*a + 7 + 20 = 0. What is the remainder when z is divided by a?
6
Let u = -568 + 591. What is the remainder when 43 is divided by u?
20
Suppose -36*c = -18*c - 198. Let i = -25 + 46. What is the remainder when i is divided by c?
10
Let t(u) = -2*u + 16. Let h be 6 + -4 + -3 + 7. Calculate the remainder when 7 is divided by t(h).
3
Suppose 3*v - 23 = -n, 0*v - 4*v - 96 = -5*n. What is the remainder when 156 is divided by n?
16
Let y(q) = 21*q**2. Let a = -12 + -4. Let k(l) = l + 17. Let s be k(a). What is the remainder when 83 is divided by y(s)?
20
Suppose -5*v + 1 = -3*j, -3*v + 4 = 4*j + 15. Let u(b) = -58*b - 1. Calculate the remainder when u(v) is divided by 12.
9
Suppose 52 = 29*x - 27*x. Calculate the remainder when 24 is divided by 334/26 - (-4)/x.
11
Suppose 25*k - 33*k + 1560 = 0. Calculate the remainder when k is divided by 25.
20
Let v be (-8)/(10/12 - 1). Suppose 37 = c - v. Calculate the remainder when c is divided by 4 - -2*(9 - 0).
19
Let p = 22 - -4. Suppose 4*a = -4*v + 52, 4*v + 2*a = 3*v + 11. Let h = p - v. Calculate the remainder when 31 is divided by h.
9
Suppose 0 = -5*s, -4*l + 5*l - 24 = 5*s. Calculate the remainder when -2*(-1)/(2/43) is divided by l.
19
Let t(l) be the third derivative of -l**4/12 + 17*l**3/6 - 43*l**2. Suppose 0 = 3*a - 56 - 19. What is the remainder when a is divided by t(5)?
4
Calculate the remainder when 70 is divided by (14 - 12)*(2 - 1) + 22.
22
Let j(y) = -y**2 - 9*y + 19. What is the remainder when 36 is divided by j(-9)?
17
Suppose z + 3*z = 0. Let b = -1 - z. What is the remainder when (-219)/6*(b + -1) is divided by 19?
16
What is the remainder when ((-430)/25)/((-5)/25) is divided by 45?
41
Let r(k) = 15*k**2 + 4*k - 1. Let n be (-6)/(-4) - (-42)/(-12). What is the remainder when 148 is divided by r(n)?
46
Let o(f) = f**2 - 2*f + 5. Let l be o(0). Let w = l - -6. Suppose -28 + 4 = -4*m. Calculate the remainder when w is divided by m.
5
Suppose -528 = 38*o - 50*o. Calculate the remainder when 67 is divided by o.
23
Let s = -1 - -8. Suppose 4*y = -s*o + 2*o + 20, 2*o = 5*y + 8. What is the remainder when 19 is divided by o?
3
Suppose -4*t = 4*h - 128, -4*t - 3*h + 82 = -49. Calculate the remainder when 67 is divided by t.
32
Let y = -16 - -52. What is the remainder when y is divided by 8?
4
Let x(b) = -3*b + 6. Let n(h) = -h**2 - 2*h - 9. Let d be n(-4). Calculate the remainder when x(d) is divided by 21.
15
Suppose 4*r - 116 = -2*a, -3*r + a + 13 = -74. Let u = 21 - 6. What is the remainder when r is divided by u?
14
Let q = -853 + 1333. Calculate the remainder when q is divided by 21.
18
Suppose 4*x - 9 = -u - 3, -78 = -3*u + 3*x. What is the remainder when 615 is divided by u?
21
Let y(z) = 18*z**3 - z**2 + z. Calculate the remainder when 67 is divided by y(1).
13
Let t(j) be the first derivative of -53*j**2/2 - 2*j + 10. What is the remainder when t(-2) is divided by 21?
20
Let s(i) = i**2 + 5*i - 8. Let a be s(-7). Suppose r - a = 2*p, -2*r = -5*r - p + 18. What is the remainder when 21 is divided by r?
3
Let c be (-3 - -2) + 0 + 195. Suppose c = 7*n - 163. Let i = n + -16. Calculate the remainder when i is divided by 9.
8
Suppose 63 = 4*u - 269. Calculate the remainder when u is divided by 43.
40
Let f(i) = 44*i**3 + 6*i**2 - 7*i + 2. Calculate the remainder when f(1) is divided by 18.
9
Suppose 3*x - 6*x = -9. Suppose -x = z - 18. What is the remainder when z is divided by 2?
1
Let d = -50 - -76. Let r = 13 + -8. Suppose -41 = -r*h + 4. Calculate the remainder when d is divided by h.
8
Let r = -93 + 150. Suppose -k + 3*v - v = -21, -2*k + v + r = 0. Calculate the remainder when 123 is divided by k.
30
Let q = 20 - 11. Suppose -5*h + q*h = 80. What is the remainder when h is divided by 2 + 9 - (-1 + 1)?
9
Suppose 64 + 356 = 20*t. Calculate the remainder when t is divided by 15.
6
Suppose -3*g + 2*a + 185 = 0, a = g + 4*a - 58. Suppose -g = -5*s + 64. Let k(u) = -u + 43. What is the remainder when k(-4) is divided by s?
22
Let l = 272 + -252. Suppose -3*p = 5*o + p - 293, 0 = 4*o + 5*p - 238. Calculate the remainder when o is divided by l.
17
What is the remainder when 97 is divided by 6/18*-3*9*-1?
7
Calculate the remainder when 4/18*11679/(-34)*-3 is divided by 39.
34
Let a = 112 + -96. What is the remainder when 91 is divided by a?
11
Let d(l) = l**2 - 13*l - 1. What is the remainder when d(20) is divided by 69?
1
Suppose 27 + 83 = 11*n. Suppose 0 = -2*x + 4*x - n. Suppose -5*l - 38 + 108 = 0. What is the remainder when l is divided by x?
4
Suppose 0 = -0*t - 5*t + 50. Suppose 4*y - t = f, f = 3*f + y + 2. What is the remainder when 21 is divided by -2 + (f + 7 - -1)?
1
Let a be (7